{"id":41,"date":"2011-10-04T03:51:39","date_gmt":"2011-10-04T01:51:39","guid":{"rendered":"http:\/\/chezyenorxois.fr\/mairie\/?page_id=41"},"modified":"2023-06-06T16:17:30","modified_gmt":"2023-06-06T14:17:30","slug":"la-vie-des-cahouzats","status":"publish","type":"page","link":"http:\/\/chezyenorxois.fr\/mairie\/la-vie-des-cahouzats\/","title":{"rendered":"Vie associative"},"content":{"rendered":"<p>Vous trouverez dans cette rubrique toutes les informations sur les activit\u00e9s et les \u00e9v\u00e8nements qui marquent la vie des habitants du village. Chaque association\u00a0 y a son chapitre.<\/p>\n<ul>\n<li><a href=\"http:\/\/chezyenorxois.fr\/mairie\/la-mairie\/le-ccas-caisse-communale-dactions-sociales\/\">CCAS<\/a><\/li>\n<li><a title=\"Le comit\u00e9 des f\u00eates\" href=\"http:\/\/chezyenorxois.fr\/mairie\/la-vie-des-cahouzats\/le-comite-des-fetes\/\">Le comit\u00e9 des f\u00eates<\/a><\/li>\n<li><a title=\"Lire-en-Orxois\" href=\"http:\/\/chezyenorxois.fr\/mairie\/?page_id=167\">Lire en Orxois<\/a><\/li>\n<li><a title=\"Compagnie d\u2019arc de Ch\u00e9zy-en-Orxois\" href=\"http:\/\/chezyenorxois.fr\/mairie\/?page_id=173\">La compagnie d&rsquo;arc<\/a><\/li>\n<li><a title=\"ACDC ( Assainissement Collectif et Durable \u00e0 Ch\u00e9zy-en-orxois )\" href=\"http:\/\/chezyenorxois.fr\/mairie\/?page_id=169\">L&rsquo;ACDC<\/a><\/li>\n<li><a title=\"Entente Cahouzate\" href=\"http:\/\/chezyenorxois.fr\/mairie\/?page_id=171\">L&rsquo;entente cahouzate<\/a><\/li>\n<\/ul>\n\n\n<p><\/p>\n","protected":false},"excerpt":{"rendered":"<p>Vous trouverez dans cette rubrique toutes les informations sur les activit\u00e9s et les \u00e9v\u00e8nements qui marquent la vie des habitants du village. Chaque association\u00a0 y a son chapitre. CCAS Le comit\u00e9 des f\u00eates Lire en Orxois La compagnie d&rsquo;arc L&rsquo;ACDC <a class=\"more-link\" href=\"http:\/\/chezyenorxois.fr\/mairie\/la-vie-des-cahouzats\/\">Continuer la lecture <span class=\"screen-reader-text\">  Vie associative<\/span><span class=\"meta-nav\">&rarr;<\/span><\/a><\/p>\n","protected":false},"author":2,"featured_media":0,"parent":0,"menu_order":0,"comment_status":"closed","ping_status":"closed","template":"","meta":{"footnotes":""},"class_list":["post-41","page","type-page","status-publish","hentry"],"_links":{"self":[{"href":"http:\/\/chezyenorxois.fr\/mairie\/wp-json\/wp\/v2\/pages\/41","targetHints":{"allow":["GET"]}}],"collection":[{"href":"http:\/\/chezyenorxois.fr\/mairie\/wp-json\/wp\/v2\/pages"}],"about":[{"href":"http:\/\/chezyenorxois.fr\/mairie\/wp-json\/wp\/v2\/types\/page"}],"author":[{"embeddable":true,"href":"http:\/\/chezyenorxois.fr\/mairie\/wp-json\/wp\/v2\/users\/2"}],"replies":[{"embeddable":true,"href":"http:\/\/chezyenorxois.fr\/mairie\/wp-json\/wp\/v2\/comments?post=41"}],"version-history":[{"count":21,"href":"http:\/\/chezyenorxois.fr\/mairie\/wp-json\/wp\/v2\/pages\/41\/revisions"}],"predecessor-version":[{"id":4185,"href":"http:\/\/chezyenorxois.fr\/mairie\/wp-json\/wp\/v2\/pages\/41\/revisions\/4185"}],"wp:attachment":[{"href":"http:\/\/chezyenorxois.fr\/mairie\/wp-json\/wp\/v2\/media?parent=41"}],"curies":[{"name":"wp","href":"https:\/\/api.w.org\/{rel}","templated":true}]}}