{"id":169,"date":"2011-10-20T19:43:22","date_gmt":"2011-10-20T17:43:22","guid":{"rendered":"http:\/\/chezyenorxois.fr\/mairie\/?page_id=169"},"modified":"2015-01-24T18:49:34","modified_gmt":"2015-01-24T17:49:34","slug":"acdc-assainissement-collectif-et-durable-a-chezy-en-orxois","status":"publish","type":"page","link":"http:\/\/chezyenorxois.fr\/mairie\/la-vie-des-cahouzats\/acdc-assainissement-collectif-et-durable-a-chezy-en-orxois\/","title":{"rendered":"ACDC ( Assainissement Collectif et Durable \u00e0 Ch\u00e9zy-en-orxois )"},"content":{"rendered":"<h1 class=\"western\" align=\"CENTER\"><span style=\"font-size: medium;\">Madame la Pr\u00e9sidente, <\/span><strong><span style=\"font-size: medium;\">Communaut\u00e9 des Communes de l&rsquo;Ourcq et du Clignon<\/span><\/strong><\/h1>\n<p class=\"western\">Le Conseil d&rsquo;Administration de notre association, r\u00e9uni ce mardi soir, a pris note de votre lettre adress\u00e9e \u00e0 M le Maire de Ch\u00e9zy-en-Orxois et dont la copie a \u00e9t\u00e9 adress\u00e9e \u00e9galement aux habitants du village durant la p\u00e9riode des f\u00eates de fin d&rsquo;ann\u00e9e 2014 par la soci\u00e9t\u00e9 Veolia, votre prestataire. Cette soci\u00e9t\u00e9 sollicite des rendez-vous afin d&rsquo;engager, \u00e0 votre demande, les contr\u00f4les des installations d&rsquo;assainissement.<\/p>\n<p class=\"western\">Nous prenons bonne note que vous consid\u00e9rez que notre commune a un projet d&rsquo;assainissement collectif. Et en effet, ce projet est en phase terminale et nous n&rsquo;attendons plus, pour commencer les travaux, que vous d\u00e9bloquiez la part des fonds d\u00e9partementaux CDDL, une subvention que notre commune a sollicit\u00e9e depuis tr\u00e8s longtemps aupr\u00e8s du Conseil G\u00e9n\u00e9ral pour la mise en place de son r\u00e9seau collectif d&rsquo;assainissement.<\/p>\n<p class=\"western\">Vous n\u2019\u00eates donc pas sans savoir que l&rsquo;\u00e9tat des lieux des installations individuelles a d\u00e9j\u00e0 \u00e9t\u00e9 r\u00e9alis\u00e9 et financ\u00e9 dans le cadre des \u00e9tudes obligatoires pour le projet d&rsquo;assainissement collectif. Comme \u00e0 plusieurs reprises d\u00e9j\u00e0, nous nous faisons l&rsquo;\u00e9cho des habitants de Ch\u00e9zy-en-Orxois concern\u00e9s par le projet d&rsquo;assainissement collectif pour vous demander de surseoir \u00e0 une d\u00e9cision absurde parce qu&rsquo;inutile\u00a0.<\/p>\n<p class=\"western\">En effet, ce diagnostic n&rsquo;a de sens que s&rsquo;il est suivi, dans un d\u00e9lai de 2 ann\u00e9es d&rsquo;apr\u00e8s la loi, par la r\u00e9alisations des travaux visant \u00e0 mettre en conformit\u00e9 les installations individuelles. Or, cette mise en conformit\u00e9 serait autant inutile que ruineuse pour une grande majorit\u00e9 des habitations de notre commune. Nous savons bien que nos installations ne sont pas conformes et que nous polluons gravement le ru d&rsquo;Allan\u00a0; la d\u00e9cision d&rsquo;opter pour un assainissement collectif n&rsquo;a pas \u00e9t\u00e9 prise \u00e0 la l\u00e9g\u00e8re et toutes les \u00e9tudes sont maintenant termin\u00e9es, les autorisations accord\u00e9es, les entreprises retenues pr\u00eates \u00e0 intervenir. Aidez-nous plut\u00f4t \u00e0 engager les travaux au plus t\u00f4t afin de diminuer le plus rapidement possible ces nuisances que nous portons \u00e0 l&rsquo;environnement.<\/p>\n<p class=\"western\">Nous ne doutons pas de votre attachement \u00e0 ce projet visant \u00e0 pr\u00e9server la salubrit\u00e9 publique et nous vous en remercions par avance.<\/p>\n<p class=\"western\">Recevez, Madame La Pr\u00e9sidente, l&rsquo;expression de nos meilleurs sentiments.<\/p>\n<h1 align=\"CENTER\">_________________________<\/h1>\n<h1 class=\"western\" align=\"CENTER\">L&rsquo;association, qui entame sa 8 \u00e8me ann\u00e9e d\u2019existence, vous pr\u00e9sente ses meilleurs v\u0153ux 2015<\/h1>\n<h1 class=\"western\" align=\"CENTER\">Lettre N\u00b0 16<\/h1>\n<h1 class=\"western\" align=\"CENTER\"><span style=\"font-size: medium;\">CAHOUZAT<\/span><span style=\"font-size: medium;\">E<\/span><span style=\"font-size: medium;\">S, <\/span><span style=\"font-size: medium;\">CAHOUZATS,<\/span><\/h1>\n<h2 class=\"western\" align=\"CENTER\">Cela faisait longtemps que les responsables de la communaut\u00e9 de communes ne s&rsquo;\u00e9taient pas manifest\u00e9s\u00a0!<\/h2>\n<p class=\"western\">C&rsquo;est chose faite, la p\u00e9riode des f\u00eates de fin d&rsquo;ann\u00e9e \u00e9tant bien entendu la meilleure p\u00e9riode pour vous solliciter, vous avez de nouveau re\u00e7u une invitation \u00e0 prendre contact pour un contr\u00f4le de votre installation d&rsquo;assainissement.<\/p>\n<p class=\"western\">S&rsquo;il est bien clair que c&rsquo;est de la responsabilit\u00e9 de chacun de r\u00e9pondre ou non \u00e0 cette invitation, il nous importe de rappeler que la position de l&rsquo;association n&rsquo;a pas vari\u00e9\u00a0: ce qui \u00e9tait absurde et inutile en d\u00e9cembre 2007 l&rsquo;est encore davantage aujourd&rsquo;hui\u00a0! En effet, la commune n&rsquo;attend plus que le d\u00e9blocage de la subvention d\u00e9partementale par la CCOC pour finaliser le plan de financement et engager les travaux.<\/p>\n<p class=\"western\">Le bureau de l&rsquo;association s&rsquo;est mobilis\u00e9 en interpellant de nouveau la CCOC par une lettre \u00e0 sa Pr\u00e9sidente dont vous trouverez copie ci-dessus.<\/p>\n<p class=\"western\">Il ne nous semble pas opportun de refaire campagne au sein du village pour une nouvelle lettre ou p\u00e9tition ( pour m\u00e9moire, fin 2012\u00a0: lettre \u00e0 V\u00e9olia et p\u00e9tition remise \u00e0 la CCOC ) et l&rsquo;actualit\u00e9 de ce d\u00e9but d&rsquo;ann\u00e9e 2015 est suffisamment grave pour ne pas l&rsquo;encombrer d&rsquo;avantage. Il suffit, pour tous ceux qui n&rsquo; ont aucun int\u00e9r\u00eat \u00e0 recevoir un constat de non conformit\u00e9 ( sauf vente pr\u00e9vue en 2015 ou installation respectant les normes* ), de ne pas r\u00e9pondre.<\/p>\n<p class=\"western\">Nous songeons \u00e0 l&rsquo;organisation de l&rsquo;<b>Assembl\u00e9e G\u00e9n\u00e9rale<\/b> de l&rsquo;association qui aura lieu le <b>samedi 21 f\u00e9vrier<\/b>, de 10 H 30 \u00e0 12 H dans la salle communale.<\/p>\n<p class=\"western\"><b>Comme pour les pr\u00e9c\u00e9dentes <\/b><b>\u00e9dit<\/b><b>ions, elle <\/b><b>nous donnera<\/b><b> l&rsquo;occasion d<\/b><b>&lsquo;une nouvelle <\/b><b>rencont<\/b><b>r<\/b><b>e.<\/b><\/p>\n<p class=\"western\" align=\"CENTER\">\u00c0 bient\u00f4t donc.<\/p>\n<p class=\"western\"><span style=\"font-size: small;\">* par exemple\u00a0: mat\u00e9riel utilis\u00e9 estampill\u00e9 CE, notamment la fosse\u00a0; rejet \u00e0 plus de 35 m\u00e8tres de distance d\u2019un puits ou d\u2019un captage d\u2019eau potable, 5 m\u00e8tres de l\u2019habitation, 3 m\u00e8tres des limites de la propri\u00e9t\u00e9 et 3 m\u00e8tres de tout arbre\u00a0; la zone d\u2019installation doit \u00eatre hors culture, plantation, circulation et stationnement de v\u00e9hicules, ainsi que stockage de charges lourdes.<\/span><\/p>\n<h1 align=\"CENTER\">_________________________<\/h1>\n<h1 align=\"CENTER\">Lettre N\u00b0 14<\/h1>\n<h1 align=\"CENTER\"><span style=\"font-size: small;\">AVIS AUX CAHOUZATS<\/span><\/h1>\n<h2 align=\"CENTER\">L&rsquo;heure est de nouveau \u00e0 la mobilisation de tous\u00a0!<\/h2>\n<p>En effet, alors que le projet d&rsquo;assainissement collectif de notre village prend enfin son visage d\u00e9finitif, des difficult\u00e9s impr\u00e9vues assombrissent l&rsquo;horizon\u00a0:<br \/>\nle Conseil G\u00e9n\u00e9ral de l&rsquo;Aisne, en ce d\u00e9but d&rsquo;ann\u00e9e, revoit \u00e0 la baisse ses subventions et \u00e9carte des financements possibles 2012 et 2013 la partie station d&rsquo;\u00e9puration de notre projet.<\/p>\n<p>Le bureau de l&rsquo;association s&rsquo;est d\u00e9j\u00e0 mobilis\u00e9 et, profitant de la semaine de l&rsquo;environnement, a adress\u00e9 une lettre ouverte \u00e0 tous les Conseillers g\u00e9n\u00e9raux du d\u00e9partement.<\/p>\n<p>Cette lettre a pour but de questionner nos \u00e9lus et de solliciter leur soutien.<br \/>\n<a href=\"http:\/\/chezyenorxois.fr\/mairie\/wp-content\/uploads\/2011\/10\/LettreOuverte.pdf&quot;\">LettreOuverte<\/a><\/p>\n<p>Nous comptons ensuite rencontrer un maximum d&rsquo;\u00e9lus locaux. Nous avons rencontr\u00e9 M Rigaud qui nous a dit pouvoir compter sur son aide, nous pr\u00e9voyons de rencontrer M Krabal le mercredi 25 avril lors de sa permanence, M Fourr\u00e9 \u00e0 une date non encore fix\u00e9e. Mme Vasseur nous facilite la t\u00e2che puisqu&rsquo;elle vient nous rendre visite le 25 avril de 17H30 \u00e0 18H15. Soyons nombreux \u00e0 l&rsquo;accueillir afin de montrer \u00e0 quel point ce projet est important pour notre village.<\/p>\n<p>Nous solliciterons enfin un entretien avec M Daudigny, Pr\u00e9sident du Conseil g\u00e9n\u00e9ral, afin d&rsquo;envisager un d\u00e9blocage de cette situation absurde qui risque de retarder le d\u00e9but des travaux.<\/p>\n<p>Nous comptons bien montrer notre d\u00e9termination et faire sentir que la suite des actions que nous entreprendrons d\u00e9pendra directement des r\u00e9ponses apport\u00e9es.<\/p>\n<p><strong>Le moment venu, il est possible que nous ayons besoin de la participation active de tous et que cette implication collective soit d\u00e9terminante.<\/strong><\/p>\n<h1 align=\"CENTER\">_________________________<\/h1>\n<h1 align=\"CENTER\"><\/h1>\n<h1 align=\"CENTER\">Lettre N\u00b0 13<br \/>\n<span style=\"font-size: small;\">AVIS AUX CAHOUZATS<\/span><\/h1>\n<p align=\"JUSTIFY\"><strong>L&rsquo;Assembl\u00e9e G\u00e9n\u00e9rale de l&rsquo;ACDC s&rsquo;est d\u00e9roul\u00e9e le samedi 5 novembre 2011.<\/strong><\/p>\n<p align=\"JUSTIFY\">Nous remercions les habitants qui se sont d\u00e9plac\u00e9s \u00e0 l&rsquo;occasion de ce rendez-vous\u00a0: bien que moins nombreux que la fois pr\u00e9c\u00e9dente, vous nous avez une fois de plus apport\u00e9 le courage n\u00e9cessaire \u00e0 la poursuite de notre action. Celle-ci se pr\u00e9sentera maintenant en deux temps\u00a0:<\/p>\n<p align=\"JUSTIFY\">1- Comme en 2011, poursuite du travail au sein de la commission assainissement de la municipalit\u00e9 afin de proposer au vote des Conseillers les \u00e9tudes les mieux abouties. Ce travail se compl\u00e9tera d\u00e8s le d\u00e9but des travaux, toujours pr\u00e9vus pour la fin de l&rsquo;ann\u00e9e, d&rsquo;une vigilance particuli\u00e8re port\u00e9e \u00e0 la qualit\u00e9 du travail des entreprises et au respect de la s\u00e9curit\u00e9 des habitants, dans un environnement le moins agressif possible.<\/p>\n<p align=\"JUSTIFY\">2- En reprenant une stature plus \u00ab\u00a0associative\u00a0\u00bb, l&rsquo;aide aux cahouzats qui en auront besoin pour pr\u00e9voir ( chercher les aides financi\u00e8res disponibles ), organiser les travaux de domaine priv\u00e9 dont ils auront la charge. Ces travaux devront respecter les normes en vigueur pour pouvoir \u00eatre valid\u00e9s, mieux vaudra donc les pr\u00e9parer avec soin.<\/p>\n<p align=\"JUSTIFY\"><strong>Comme vous pouvez le constater, la tache entreprise est loin d&rsquo;\u00eatre termin\u00e9e !<\/strong><\/p>\n<p align=\"JUSTIFY\">Nous vous proposons de manifester votre soutien en adh\u00e9rant ou en renouvelant votre adh\u00e9sion. Les sommes recueillies pourront \u00eatre utilis\u00e9es le moment venu pour permettre \u00e0 tous de finaliser dans de bonnes conditions les travaux de raccordement. Vous pouvez \u00e9galement prendre contact et participer aux travaux du Conseil d&rsquo;Administration.<\/p>\n<p style=\"text-align: left;\" align=\"CENTER\">La r\u00e9union du Conseil d&rsquo;Administration du vendredi 27 janvier a d\u00e9sign\u00e9 le bureau suivant :<br \/>\n<span style=\"font-size: x-small;\">Pr\u00e9sident : Philippe COUFFRANT, Secr\u00e9taire : V\u00e9ronique FOLLINA, Tr\u00e9sorier : Marc QUENDEZ<\/span><\/p>\n<p style=\"text-align: center;\"><span style=\"font-size: small;\"><em><strong>Nous vous souhaitons nos meilleurs v\u0153ux pour 2012\u00a0:<br \/>\nsant\u00e9, bonheur, r\u00e9ussite de tous vos projets&#8230;<\/strong><\/em><\/span><\/p>\n","protected":false},"excerpt":{"rendered":"<p>Madame la Pr\u00e9sidente, Communaut\u00e9 des Communes de l&rsquo;Ourcq et du Clignon Le Conseil d&rsquo;Administration de notre association, r\u00e9uni ce mardi soir, a pris note de votre lettre adress\u00e9e \u00e0 M le Maire de Ch\u00e9zy-en-Orxois et dont la copie a \u00e9t\u00e9 <a class=\"more-link\" href=\"http:\/\/chezyenorxois.fr\/mairie\/la-vie-des-cahouzats\/acdc-assainissement-collectif-et-durable-a-chezy-en-orxois\/\">Continuer la lecture <span class=\"screen-reader-text\">  ACDC ( Assainissement Collectif et Durable \u00e0 Ch\u00e9zy-en-orxois )<\/span><span class=\"meta-nav\">&rarr;<\/span><\/a><\/p>\n","protected":false},"author":1,"featured_media":0,"parent":41,"menu_order":1,"comment_status":"closed","ping_status":"closed","template":"","meta":{"footnotes":""},"class_list":["post-169","page","type-page","status-publish","hentry"],"_links":{"self":[{"href":"http:\/\/chezyenorxois.fr\/mairie\/wp-json\/wp\/v2\/pages\/169","targetHints":{"allow":["GET"]}}],"collection":[{"href":"http:\/\/chezyenorxois.fr\/mairie\/wp-json\/wp\/v2\/pages"}],"about":[{"href":"http:\/\/chezyenorxois.fr\/mairie\/wp-json\/wp\/v2\/types\/page"}],"author":[{"embeddable":true,"href":"http:\/\/chezyenorxois.fr\/mairie\/wp-json\/wp\/v2\/users\/1"}],"replies":[{"embeddable":true,"href":"http:\/\/chezyenorxois.fr\/mairie\/wp-json\/wp\/v2\/comments?post=169"}],"version-history":[{"count":9,"href":"http:\/\/chezyenorxois.fr\/mairie\/wp-json\/wp\/v2\/pages\/169\/revisions"}],"predecessor-version":[{"id":2781,"href":"http:\/\/chezyenorxois.fr\/mairie\/wp-json\/wp\/v2\/pages\/169\/revisions\/2781"}],"up":[{"embeddable":true,"href":"http:\/\/chezyenorxois.fr\/mairie\/wp-json\/wp\/v2\/pages\/41"}],"wp:attachment":[{"href":"http:\/\/chezyenorxois.fr\/mairie\/wp-json\/wp\/v2\/media?parent=169"}],"curies":[{"name":"wp","href":"https:\/\/api.w.org\/{rel}","templated":true}]}}