{"id":161,"date":"2011-10-20T19:37:14","date_gmt":"2011-10-20T17:37:14","guid":{"rendered":"http:\/\/chezyenorxois.fr\/mairie\/?page_id=161"},"modified":"2023-06-06T16:18:09","modified_gmt":"2023-06-06T14:18:09","slug":"le-ccas-caisse-communale-dactions-sociales","status":"publish","type":"page","link":"http:\/\/chezyenorxois.fr\/mairie\/la-mairie\/le-ccas-caisse-communale-dactions-sociales\/","title":{"rendered":"Le CCAS ( Caisse Communale d&rsquo;Actions Sociales )"},"content":{"rendered":"\n<h2 class=\"wp-block-heading\">\u00ab\u00a0SORTIE CHAMPENOISE &#8211; Visite du Mus\u00e9e du poids et visite du Mus\u00e9e ferroviaire\u00a0\u00bb<\/h2>\n\n\n\n<p>\n\nLe&nbsp;samedi 3 juin 2023, le CCAS de la commune a organis\u00e9 une sortie en covoiturage sur Montmirail. Cette excursion a rassembl\u00e9 26 participants, pr\u00eats \u00e0 d\u00e9couvrir les richesses de cette belle r\u00e9gion champenoise.<br>La matin\u00e9e a d\u00e9but\u00e9 par la visite du mus\u00e9e du poids, un lieu fascinant consacr\u00e9 aux objets de mesure, aux balances et aux poids datant du Moyen-\u00c2ge \u00e0 nos jours. Les participants ont \u00e9t\u00e9 \u00e9merveill\u00e9s et surpris de d\u00e9couvrir ces collections exceptionnelles, preuve de l&rsquo;ing\u00e9niosit\u00e9 de nos anc\u00eatres dans le domaine de la mesure.<br>Le repas de midi a \u00e9t\u00e9 servi au Grand Cond\u00e9, un endroit de choix pour profiter d&rsquo;une cuisine raffin\u00e9e et go\u00fbteuse. Les participants ont eu l&rsquo;occasion de discuter, d&rsquo;\u00e9changer des points de vue et de partager leurs impressions sur la matin\u00e9e.<br>L&rsquo;apr\u00e8s-midi, les participants ont poursuivi leur journ\u00e9e en visitant le mus\u00e9e ferroviaire et en faisant une balade privatis\u00e9e en bord de Picasso. Cette balade immersive \u00e9tait l&rsquo;occasion de d\u00e9couvrir un territoire authentique de la brie champenoise et de comprendre l&rsquo;histoire du transport ferroviaire dans cette r\u00e9gion.<br>Cette journ\u00e9e a \u00e9t\u00e9 tr\u00e8s enrichissante pour tous les participants, qui ont pu s&rsquo;\u00e9merveiller devant les objets du pass\u00e9 autant que les beaut\u00e9s de la nature. L&rsquo;ambiance conviviale a permis \u00e0 chacun&nbsp; de renforcer les liens entre les Cahouzats.<br>Cette journ\u00e9e organis\u00e9e par le CCAS de la commune a \u00e9t\u00e9 un v\u00e9ritable succ\u00e8s, offrant la possibilit\u00e9 de tisser des liens sociaux et de d\u00e9couvrir les richesses de la r\u00e9gion. Les participants sont repartis heureux, les yeux \u00e9merveill\u00e9s, avec l&rsquo;envie de participer \u00e0 d&rsquo;autres sorties organis\u00e9es par cette structure.\n\n<\/p>\n\n\n\n<p><\/p>\n\n\n\n<figure class=\"wp-block-image\"><img loading=\"lazy\" decoding=\"async\" width=\"1024\" height=\"768\" src=\"http:\/\/chezyenorxois.fr\/mairie\/wp-content\/uploads\/2023\/06\/20230603_164640-1024x768.jpg\" alt=\"\" class=\"wp-image-4175\" srcset=\"http:\/\/chezyenorxois.fr\/mairie\/wp-content\/uploads\/2023\/06\/20230603_164640-1024x768.jpg 1024w, http:\/\/chezyenorxois.fr\/mairie\/wp-content\/uploads\/2023\/06\/20230603_164640-150x113.jpg 150w, http:\/\/chezyenorxois.fr\/mairie\/wp-content\/uploads\/2023\/06\/20230603_164640-300x225.jpg 300w, http:\/\/chezyenorxois.fr\/mairie\/wp-content\/uploads\/2023\/06\/20230603_164640-768x576.jpg 768w\" sizes=\"auto, (max-width: 1024px) 100vw, 1024px\" \/><\/figure>\n\n\n\n<ul class=\"wp-block-gallery columns-1 is-cropped wp-block-gallery-1 is-layout-flex wp-block-gallery-is-layout-flex\"><li class=\"blocks-gallery-item\"><figure><img loading=\"lazy\" decoding=\"async\" width=\"768\" height=\"1024\" src=\"http:\/\/chezyenorxois.fr\/mairie\/wp-content\/uploads\/2023\/06\/20230603_122427-e1686059489283-768x1024.jpg\" alt=\"\" data-id=\"4180\" data-link=\"http:\/\/chezyenorxois.fr\/mairie\/20230603_122427\/\" class=\"wp-image-4180\" srcset=\"http:\/\/chezyenorxois.fr\/mairie\/wp-content\/uploads\/2023\/06\/20230603_122427-e1686059489283-768x1024.jpg 768w, http:\/\/chezyenorxois.fr\/mairie\/wp-content\/uploads\/2023\/06\/20230603_122427-e1686059489283-113x150.jpg 113w, http:\/\/chezyenorxois.fr\/mairie\/wp-content\/uploads\/2023\/06\/20230603_122427-e1686059489283-225x300.jpg 225w\" sizes=\"auto, (max-width: 768px) 100vw, 768px\" \/><\/figure><\/li><\/ul>\n\n\n\n<figure class=\"wp-block-image\"><img loading=\"lazy\" decoding=\"async\" width=\"768\" height=\"1024\" src=\"http:\/\/chezyenorxois.fr\/mairie\/wp-content\/uploads\/2023\/06\/20230603_115353-e1686057425870-768x1024.jpg\" alt=\"\" class=\"wp-image-4173\" srcset=\"http:\/\/chezyenorxois.fr\/mairie\/wp-content\/uploads\/2023\/06\/20230603_115353-e1686057425870-768x1024.jpg 768w, http:\/\/chezyenorxois.fr\/mairie\/wp-content\/uploads\/2023\/06\/20230603_115353-e1686057425870-113x150.jpg 113w, http:\/\/chezyenorxois.fr\/mairie\/wp-content\/uploads\/2023\/06\/20230603_115353-e1686057425870-225x300.jpg 225w\" sizes=\"auto, (max-width: 768px) 100vw, 768px\" \/><\/figure>\n","protected":false},"excerpt":{"rendered":"<p>\u00ab\u00a0SORTIE CHAMPENOISE &#8211; Visite du Mus\u00e9e du poids et visite du Mus\u00e9e ferroviaire\u00a0\u00bb Le&nbsp;samedi 3 juin 2023, le CCAS de la commune a organis\u00e9 une sortie en covoiturage sur Montmirail. Cette excursion a rassembl\u00e9 26 participants, pr\u00eats \u00e0 d\u00e9couvrir les <a class=\"more-link\" href=\"http:\/\/chezyenorxois.fr\/mairie\/la-mairie\/le-ccas-caisse-communale-dactions-sociales\/\">Continuer la lecture <span class=\"screen-reader-text\">  Le CCAS ( Caisse Communale d&rsquo;Actions Sociales )<\/span><span class=\"meta-nav\">&rarr;<\/span><\/a><\/p>\n","protected":false},"author":1,"featured_media":0,"parent":122,"menu_order":1,"comment_status":"closed","ping_status":"closed","template":"","meta":{"footnotes":""},"class_list":["post-161","page","type-page","status-publish","hentry"],"_links":{"self":[{"href":"http:\/\/chezyenorxois.fr\/mairie\/wp-json\/wp\/v2\/pages\/161","targetHints":{"allow":["GET"]}}],"collection":[{"href":"http:\/\/chezyenorxois.fr\/mairie\/wp-json\/wp\/v2\/pages"}],"about":[{"href":"http:\/\/chezyenorxois.fr\/mairie\/wp-json\/wp\/v2\/types\/page"}],"author":[{"embeddable":true,"href":"http:\/\/chezyenorxois.fr\/mairie\/wp-json\/wp\/v2\/users\/1"}],"replies":[{"embeddable":true,"href":"http:\/\/chezyenorxois.fr\/mairie\/wp-json\/wp\/v2\/comments?post=161"}],"version-history":[{"count":10,"href":"http:\/\/chezyenorxois.fr\/mairie\/wp-json\/wp\/v2\/pages\/161\/revisions"}],"predecessor-version":[{"id":4186,"href":"http:\/\/chezyenorxois.fr\/mairie\/wp-json\/wp\/v2\/pages\/161\/revisions\/4186"}],"up":[{"embeddable":true,"href":"http:\/\/chezyenorxois.fr\/mairie\/wp-json\/wp\/v2\/pages\/122"}],"wp:attachment":[{"href":"http:\/\/chezyenorxois.fr\/mairie\/wp-json\/wp\/v2\/media?parent=161"}],"curies":[{"name":"wp","href":"https:\/\/api.w.org\/{rel}","templated":true}]}}